{"id":21,"date":"2025-05-14T11:57:11","date_gmt":"2025-05-14T11:57:11","guid":{"rendered":"http:\/\/aktgroup.com.tr\/?page_id=21"},"modified":"2026-04-15T20:20:41","modified_gmt":"2026-04-15T20:20:41","slug":"iletisim","status":"publish","type":"page","link":"https:\/\/aktgroup.com.tr\/index.php\/iletisim\/","title":{"rendered":"\u0130leti\u015fim"},"content":{"rendered":"\t\t<div data-elementor-type=\"wp-page\" data-elementor-id=\"21\" class=\"elementor elementor-21\">\n\t\t\t\t<div class=\"elementor-element elementor-element-dc05e12 e-flex e-con-boxed e-con e-parent\" data-id=\"dc05e12\" data-element_type=\"container\" data-e-type=\"container\">\n\t\t\t\t\t<div class=\"e-con-inner\">\n\t\t\t\t<div class=\"elementor-element elementor-element-d7cb54f elementor-widget elementor-widget-heading\" data-id=\"d7cb54f\" data-element_type=\"widget\" data-e-type=\"widget\" data-widget_type=\"heading.default\">\n\t\t\t\t<div class=\"elementor-widget-container\">\n\t\t\t\t\t<h1 class=\"elementor-heading-title elementor-size-default\">MEDYAN MODA S\u0130\u0130RT \u015eUBEM\u0130Z<\/h1>\t\t\t\t<\/div>\n\t\t\t\t<\/div>\n\t\t\t\t<div class=\"elementor-element elementor-element-d404bf2 elementor-widget elementor-widget-google_maps\" data-id=\"d404bf2\" data-element_type=\"widget\" data-e-type=\"widget\" data-widget_type=\"google_maps.default\">\n\t\t\t\t<div class=\"elementor-widget-container\">\n\t\t\t\t\t\t\t<div class=\"elementor-custom-embed\">\n\t\t\t<iframe loading=\"lazy\"\n\t\t\t\t\tsrc=\"https:\/\/maps.google.com\/maps?q=MEDYAN%20MODA%20TEKST%C4%B0L&#038;t=m&#038;z=13&#038;output=embed&#038;iwloc=near\"\n\t\t\t\t\ttitle=\"MEDYAN MODA TEKST\u0130L\"\n\t\t\t\t\taria-label=\"MEDYAN MODA TEKST\u0130L\"\n\t\t\t><\/iframe>\n\t\t<\/div>\n\t\t\t\t\t\t<\/div>\n\t\t\t\t<\/div>\n\t\t\t\t\t<\/div>\n\t\t\t\t<\/div>\n\t\t<div class=\"elementor-element elementor-element-8d393c8 e-flex e-con-boxed e-con e-parent\" data-id=\"8d393c8\" data-element_type=\"container\" data-e-type=\"container\">\n\t\t\t\t\t<div class=\"e-con-inner\">\n\t\t\t\t<div class=\"elementor-element elementor-element-539a4b4 elementor-widget elementor-widget-spacer\" data-id=\"539a4b4\" data-element_type=\"widget\" data-e-type=\"widget\" data-widget_type=\"spacer.default\">\n\t\t\t\t<div class=\"elementor-widget-container\">\n\t\t\t\t\t\t\t<div class=\"elementor-spacer\">\n\t\t\t<div class=\"elementor-spacer-inner\"><\/div>\n\t\t<\/div>\n\t\t\t\t\t\t<\/div>\n\t\t\t\t<\/div>\n\t\t\t\t\t<\/div>\n\t\t\t\t<\/div>\n\t\t<div class=\"elementor-element elementor-element-2ca5c33 e-flex e-con-boxed e-con e-parent\" data-id=\"2ca5c33\" data-element_type=\"container\" data-e-type=\"container\">\n\t\t\t\t\t<div class=\"e-con-inner\">\n\t\t\t\t<div class=\"elementor-element elementor-element-6c777b8 elementor-widget elementor-widget-heading\" data-id=\"6c777b8\" data-element_type=\"widget\" data-e-type=\"widget\" data-widget_type=\"heading.default\">\n\t\t\t\t<div class=\"elementor-widget-container\">\n\t\t\t\t\t<h1 class=\"elementor-heading-title elementor-size-default\">MEDYA MODA MALATYA \u015eUBEM\u0130Z<\/h1>\t\t\t\t<\/div>\n\t\t\t\t<\/div>\n\t\t\t\t<div class=\"elementor-element elementor-element-fafc7b3 elementor-widget elementor-widget-google_maps\" data-id=\"fafc7b3\" data-element_type=\"widget\" data-e-type=\"widget\" data-widget_type=\"google_maps.default\">\n\t\t\t\t<div class=\"elementor-widget-container\">\n\t\t\t\t\t\t\t<div class=\"elementor-custom-embed\">\n\t\t\t<iframe loading=\"lazy\"\n\t\t\t\t\tsrc=\"https:\/\/maps.google.com\/maps?q=BY%20MODA%20TEKST%C4%B0L&#038;t=m&#038;z=10&#038;output=embed&#038;iwloc=near\"\n\t\t\t\t\ttitle=\"BY MODA TEKST\u0130L\"\n\t\t\t\t\taria-label=\"BY MODA TEKST\u0130L\"\n\t\t\t><\/iframe>\n\t\t<\/div>\n\t\t\t\t\t\t<\/div>\n\t\t\t\t<\/div>\n\t\t\t\t\t<\/div>\n\t\t\t\t<\/div>\n\t\t\t\t<\/div>\n\t\t","protected":false},"excerpt":{"rendered":"<p>MEDYAN MODA S\u0130\u0130RT \u015eUBEM\u0130Z MEDYA MODA MALATYA \u015eUBEM\u0130Z<\/p>\n","protected":false},"author":1,"featured_media":0,"parent":0,"menu_order":0,"comment_status":"open","ping_status":"closed","template":"","meta":{"footnotes":""},"class_list":["post-21","page","type-page","status-publish","hentry"],"yoast_head":"<!-- This site is optimized with the Yoast SEO plugin v27.4 - https:\/\/yoast.com\/product\/yoast-seo-wordpress\/ -->\n<title>\u0130leti\u015fim - Akt Grup<\/title>\n<meta name=\"robots\" content=\"index, follow, max-snippet:-1, max-image-preview:large, max-video-preview:-1\" \/>\n<link rel=\"canonical\" href=\"https:\/\/aktgroup.com.tr\/index.php\/iletisim\/\" \/>\n<meta property=\"og:locale\" content=\"tr_TR\" \/>\n<meta property=\"og:type\" content=\"article\" \/>\n<meta property=\"og:title\" content=\"\u0130leti\u015fim - Akt Grup\" \/>\n<meta property=\"og:description\" content=\"MEDYAN MODA S\u0130\u0130RT \u015eUBEM\u0130Z MEDYA MODA MALATYA \u015eUBEM\u0130Z\" \/>\n<meta property=\"og:url\" content=\"https:\/\/aktgroup.com.tr\/index.php\/iletisim\/\" \/>\n<meta property=\"og:site_name\" content=\"Akt Grup\" \/>\n<meta property=\"article:modified_time\" content=\"2026-04-15T20:20:41+00:00\" \/>\n<meta name=\"twitter:card\" content=\"summary_large_image\" \/>\n<meta name=\"twitter:label1\" content=\"Tahmini okuma s\u00fcresi\" \/>\n\t<meta name=\"twitter:data1\" content=\"1 dakika\" \/>\n<script type=\"application\/ld+json\" class=\"yoast-schema-graph\">{\"@context\":\"https:\\\/\\\/schema.org\",\"@graph\":[{\"@type\":\"WebPage\",\"@id\":\"https:\\\/\\\/aktgroup.com.tr\\\/index.php\\\/iletisim\\\/\",\"url\":\"https:\\\/\\\/aktgroup.com.tr\\\/index.php\\\/iletisim\\\/\",\"name\":\"\u0130leti\u015fim - Akt Grup\",\"isPartOf\":{\"@id\":\"https:\\\/\\\/aktgroup.com.tr\\\/#website\"},\"datePublished\":\"2025-05-14T11:57:11+00:00\",\"dateModified\":\"2026-04-15T20:20:41+00:00\",\"breadcrumb\":{\"@id\":\"https:\\\/\\\/aktgroup.com.tr\\\/index.php\\\/iletisim\\\/#breadcrumb\"},\"inLanguage\":\"tr\",\"potentialAction\":[{\"@type\":\"ReadAction\",\"target\":[\"https:\\\/\\\/aktgroup.com.tr\\\/index.php\\\/iletisim\\\/\"]}]},{\"@type\":\"BreadcrumbList\",\"@id\":\"https:\\\/\\\/aktgroup.com.tr\\\/index.php\\\/iletisim\\\/#breadcrumb\",\"itemListElement\":[{\"@type\":\"ListItem\",\"position\":1,\"name\":\"Anasayfa\",\"item\":\"https:\\\/\\\/aktgroup.com.tr\\\/\"},{\"@type\":\"ListItem\",\"position\":2,\"name\":\"\u0130leti\u015fim\"}]},{\"@type\":\"WebSite\",\"@id\":\"https:\\\/\\\/aktgroup.com.tr\\\/#website\",\"url\":\"https:\\\/\\\/aktgroup.com.tr\\\/\",\"name\":\"Akt Group\",\"description\":\"\",\"publisher\":{\"@id\":\"https:\\\/\\\/aktgroup.com.tr\\\/#organization\"},\"potentialAction\":[{\"@type\":\"SearchAction\",\"target\":{\"@type\":\"EntryPoint\",\"urlTemplate\":\"https:\\\/\\\/aktgroup.com.tr\\\/?s={search_term_string}\"},\"query-input\":{\"@type\":\"PropertyValueSpecification\",\"valueRequired\":true,\"valueName\":\"search_term_string\"}}],\"inLanguage\":\"tr\"},{\"@type\":\"Organization\",\"@id\":\"https:\\\/\\\/aktgroup.com.tr\\\/#organization\",\"name\":\"Akt Group\",\"url\":\"https:\\\/\\\/aktgroup.com.tr\\\/\",\"logo\":{\"@type\":\"ImageObject\",\"inLanguage\":\"tr\",\"@id\":\"https:\\\/\\\/aktgroup.com.tr\\\/#\\\/schema\\\/logo\\\/image\\\/\",\"url\":\"https:\\\/\\\/aktgroup.com.tr\\\/wp-content\\\/uploads\\\/2025\\\/12\\\/WhatsApp-Image-2025-12-30-at-12.39.17-Photoroom.png\",\"contentUrl\":\"https:\\\/\\\/aktgroup.com.tr\\\/wp-content\\\/uploads\\\/2025\\\/12\\\/WhatsApp-Image-2025-12-30-at-12.39.17-Photoroom.png\",\"width\":1280,\"height\":783,\"caption\":\"Akt Group\"},\"image\":{\"@id\":\"https:\\\/\\\/aktgroup.com.tr\\\/#\\\/schema\\\/logo\\\/image\\\/\"}}]}<\/script>\n<!-- \/ Yoast SEO plugin. -->","yoast_head_json":{"title":"\u0130leti\u015fim - Akt Grup","robots":{"index":"index","follow":"follow","max-snippet":"max-snippet:-1","max-image-preview":"max-image-preview:large","max-video-preview":"max-video-preview:-1"},"canonical":"https:\/\/aktgroup.com.tr\/index.php\/iletisim\/","og_locale":"tr_TR","og_type":"article","og_title":"\u0130leti\u015fim - Akt Grup","og_description":"MEDYAN MODA S\u0130\u0130RT \u015eUBEM\u0130Z MEDYA MODA MALATYA \u015eUBEM\u0130Z","og_url":"https:\/\/aktgroup.com.tr\/index.php\/iletisim\/","og_site_name":"Akt Grup","article_modified_time":"2026-04-15T20:20:41+00:00","twitter_card":"summary_large_image","twitter_misc":{"Tahmini okuma s\u00fcresi":"1 dakika"},"schema":{"@context":"https:\/\/schema.org","@graph":[{"@type":"WebPage","@id":"https:\/\/aktgroup.com.tr\/index.php\/iletisim\/","url":"https:\/\/aktgroup.com.tr\/index.php\/iletisim\/","name":"\u0130leti\u015fim - Akt Grup","isPartOf":{"@id":"https:\/\/aktgroup.com.tr\/#website"},"datePublished":"2025-05-14T11:57:11+00:00","dateModified":"2026-04-15T20:20:41+00:00","breadcrumb":{"@id":"https:\/\/aktgroup.com.tr\/index.php\/iletisim\/#breadcrumb"},"inLanguage":"tr","potentialAction":[{"@type":"ReadAction","target":["https:\/\/aktgroup.com.tr\/index.php\/iletisim\/"]}]},{"@type":"BreadcrumbList","@id":"https:\/\/aktgroup.com.tr\/index.php\/iletisim\/#breadcrumb","itemListElement":[{"@type":"ListItem","position":1,"name":"Anasayfa","item":"https:\/\/aktgroup.com.tr\/"},{"@type":"ListItem","position":2,"name":"\u0130leti\u015fim"}]},{"@type":"WebSite","@id":"https:\/\/aktgroup.com.tr\/#website","url":"https:\/\/aktgroup.com.tr\/","name":"Akt Group","description":"","publisher":{"@id":"https:\/\/aktgroup.com.tr\/#organization"},"potentialAction":[{"@type":"SearchAction","target":{"@type":"EntryPoint","urlTemplate":"https:\/\/aktgroup.com.tr\/?s={search_term_string}"},"query-input":{"@type":"PropertyValueSpecification","valueRequired":true,"valueName":"search_term_string"}}],"inLanguage":"tr"},{"@type":"Organization","@id":"https:\/\/aktgroup.com.tr\/#organization","name":"Akt Group","url":"https:\/\/aktgroup.com.tr\/","logo":{"@type":"ImageObject","inLanguage":"tr","@id":"https:\/\/aktgroup.com.tr\/#\/schema\/logo\/image\/","url":"https:\/\/aktgroup.com.tr\/wp-content\/uploads\/2025\/12\/WhatsApp-Image-2025-12-30-at-12.39.17-Photoroom.png","contentUrl":"https:\/\/aktgroup.com.tr\/wp-content\/uploads\/2025\/12\/WhatsApp-Image-2025-12-30-at-12.39.17-Photoroom.png","width":1280,"height":783,"caption":"Akt Group"},"image":{"@id":"https:\/\/aktgroup.com.tr\/#\/schema\/logo\/image\/"}}]}},"_links":{"self":[{"href":"https:\/\/aktgroup.com.tr\/index.php\/wp-json\/wp\/v2\/pages\/21","targetHints":{"allow":["GET"]}}],"collection":[{"href":"https:\/\/aktgroup.com.tr\/index.php\/wp-json\/wp\/v2\/pages"}],"about":[{"href":"https:\/\/aktgroup.com.tr\/index.php\/wp-json\/wp\/v2\/types\/page"}],"author":[{"embeddable":true,"href":"https:\/\/aktgroup.com.tr\/index.php\/wp-json\/wp\/v2\/users\/1"}],"replies":[{"embeddable":true,"href":"https:\/\/aktgroup.com.tr\/index.php\/wp-json\/wp\/v2\/comments?post=21"}],"version-history":[{"count":13,"href":"https:\/\/aktgroup.com.tr\/index.php\/wp-json\/wp\/v2\/pages\/21\/revisions"}],"predecessor-version":[{"id":725,"href":"https:\/\/aktgroup.com.tr\/index.php\/wp-json\/wp\/v2\/pages\/21\/revisions\/725"}],"wp:attachment":[{"href":"https:\/\/aktgroup.com.tr\/index.php\/wp-json\/wp\/v2\/media?parent=21"}],"curies":[{"name":"wp","href":"https:\/\/api.w.org\/{rel}","templated":true}]}}